{"version":"1.0","provider_name":"TAXENSE","provider_url":"https:\/\/taxense.hu\/en\/","author_name":"taxense","author_url":"https:\/\/taxense.hu\/en\/author\/taxense\/","title":"TALY\u00c1N ANDREA (\u00fcgyvezet\u0151, bejegyzett k\u00f6nyvvizsg\u00e1l\u00f3, ad\u00f3szak\u00e9rt\u0151) - TAXENSE","type":"rich","width":600,"height":338,"html":"<blockquote class=\"wp-embedded-content\" data-secret=\"uavN9eSWoh\"><a href=\"https:\/\/taxense.hu\/en\/tanacsadas\/talyan-andrea-konyvvizsgal-adoszakerto-mentor-ado-taxense\/\"><strong>TALY\u00c1N ANDREA (\u00fcgyvezet\u0151, bejegyzett k\u00f6nyvvizsg\u00e1l\u00f3, ad\u00f3szak\u00e9rt\u0151)<\/strong><\/a><\/blockquote><iframe sandbox=\"allow-scripts\" security=\"restricted\" src=\"https:\/\/taxense.hu\/en\/tanacsadas\/talyan-andrea-konyvvizsgal-adoszakerto-mentor-ado-taxense\/embed\/#?secret=uavN9eSWoh\" width=\"600\" height=\"338\" title=\"&ldquo;&lt;strong&gt;TALY&Aacute;N ANDREA (&uuml;gyvezet\u0151, bejegyzett k&ouml;nyvvizsg&aacute;l&oacute;, ad&oacute;szak&eacute;rt\u0151)&lt;\/strong&gt;&rdquo; &mdash; TAXENSE\" data-secret=\"uavN9eSWoh\" frameborder=\"0\" marginwidth=\"0\" marginheight=\"0\" scrolling=\"no\" class=\"wp-embedded-content\"><\/iframe><script>\n\/*! This file is auto-generated *\/\n!function(d,l){\"use strict\";l.querySelector&&d.addEventListener&&\"undefined\"!=typeof URL&&(d.wp=d.wp||{},d.wp.receiveEmbedMessage||(d.wp.receiveEmbedMessage=function(e){var t=e.data;if((t||t.secret||t.message||t.value)&&!\/[^a-zA-Z0-9]\/.test(t.secret)){for(var s,r,n,a=l.querySelectorAll('iframe[data-secret=\"'+t.secret+'\"]'),o=l.querySelectorAll('blockquote[data-secret=\"'+t.secret+'\"]'),c=new RegExp(\"^https?:$\",\"i\"),i=0;i<o.length;i++)o[i].style.display=\"none\";for(i=0;i<a.length;i++)s=a[i],e.source===s.contentWindow&&(s.removeAttribute(\"style\"),\"height\"===t.message?(1e3<(r=parseInt(t.value,10))?r=1e3:~~r<200&&(r=200),s.height=r):\"link\"===t.message&&(r=new URL(s.getAttribute(\"src\")),n=new URL(t.value),c.test(n.protocol))&&n.host===r.host&&l.activeElement===s&&(d.top.location.href=t.value))}},d.addEventListener(\"message\",d.wp.receiveEmbedMessage,!1),l.addEventListener(\"DOMContentLoaded\",function(){for(var e,t,s=l.querySelectorAll(\"iframe.wp-embedded-content\"),r=0;r<s.length;r++)(t=(e=s[r]).getAttribute(\"data-secret\"))||(t=Math.random().toString(36).substring(2,12),e.src+=\"#?secret=\"+t,e.setAttribute(\"data-secret\",t)),e.contentWindow.postMessage({message:\"ready\",secret:t},\"*\")},!1)))}(window,document);\n\/\/# sourceURL=https:\/\/taxense.hu\/wp-includes\/js\/wp-embed.min.js\n<\/script>","thumbnail_url":"https:\/\/taxense.hu\/wp-content\/uploads\/2023\/02\/Taxense-idezetes-Andi.png","thumbnail_width":1200,"thumbnail_height":628,"description":"Ismerjen meg benn\u00fcnket, a munk\u00e1hoz \u00e9s \u00fcgyfelekhez val\u00f3 hozz\u00e1\u00e1ll\u00e1sunkat! T\u00f6bb r\u00e9szes bemutatkoz\u00f3 blogcikk sorozatunkban els\u0151k\u00e9nt az alap\u00edt\u00f3 tulajdonos \u00e9s c\u00e9gvezet\u0151 Taly\u00e1n Andre\u00e1val k\u00e9sz\u00fclt interj\u00faban olvashatj\u00e1k milyen \u00e9rt\u00e9keket vallunk, milyen sz\u00e1munkra egy \u00fcgyf\u00e9lkapcsolati viszony \u00e9s mi\u00e9rt is kulcsfontoss\u00e1g\u00fa egy j\u00f3 k\u00f6nyvel\u0151 megv\u00e1laszt\u00e1sa. Mi\u00f3ta dolgozol a Taxense-n\u00e9l? Alap\u00edt\u00f3 tagk\u00e9nt 2009. december 14. \u00f3ta dolgozom a c\u00e9gn\u00e9l. H\u00e1ny [&hellip;]"}

TALYÁN ANDREA (ügyvezető, bejegyzett könyvvizsgáló, adószakértő) - TAXENSE

<blockquote class="wp-embedded-content" data-secret="uavN9eSWoh"><a href="https://taxense.hu/en/tanacsadas/talyan-andrea-konyvvizsgal-adoszakerto-mentor-ado-taxense/"><strong>TALYÁN ANDREA (ügyvezető, bejegyzett könyvvizsgáló, adószakértő)</strong></a></blockquote><iframe sandbox="allow-scripts" security="restricted" src="https://taxense.hu/en/tanacsadas/talyan-andrea-konyvvizsgal-adoszakerto-mentor-ado-taxense/embed/#?secret=uavN9eSWoh" width="600" height="338" title="&ldquo;&lt;strong&gt;TALY&Aacute;N ANDREA (&uuml;gyvezető, bejegyzett k&ouml;nyvvizsg&aacute;l&oacute;, ad&oacute;szak&eacute;rtő)&lt;/strong&gt;&rdquo; &mdash; TAXENSE" data-secret="uavN9eSWoh" frameborder="0" marginwidth="0" marginheight="0" scrolling="no" class="wp-embedded-content"></iframe><script>
/*! This file is auto-generated */
!function(d,l){"use strict";l.querySelector&&d.addEventListener&&"undefined"!=typeof URL&&(d.wp=d.wp||{},d.wp.receiveEmbedMessage||(d.wp.receiveEmbedMessage=function(e){var t=e.data;if((t||t.secret||t.message||t.value)&&!/[^a-zA-Z0-9]/.test(t.secret)){for(var s,r,n,a=l.querySelectorAll('iframe[data-secret="'+t.secret+'"]'),o=l.querySelectorAll('blockquote[data-secret="'+t.secret+'"]'),c=new RegExp("^https?:$","i"),i=0;i<o.length;i++)o[i].style.display="none";for(i=0;i<a.length;i++)s=a[i],e.source===s.contentWindow&&(s.removeAttribute("style"),"height"===t.message?(1e3<(r=parseInt(t.value,10))?r=1e3:~~r<200&&(r=200),s.height=r):"link"===t.message&&(r=new URL(s.getAttribute("src")),n=new URL(t.value),c.test(n.protocol))&&n.host===r.host&&l.activeElement===s&&(d.top.location.href=t.value))}},d.addEventListener("message",d.wp.receiveEmbedMessage,!1),l.addEventListener("DOMContentLoaded",function(){for(var e,t,s=l.querySelectorAll("iframe.wp-embedded-content"),r=0;r<s.length;r++)(t=(e=s[r]).getAttribute("data-secret"))||(t=Math.random().toString(36).substring(2,12),e.src+="#?secret="+t,e.setAttribute("data-secret",t)),e.contentWindow.postMessage({message:"ready",secret:t},"*")},!1)))}(window,document);
//# sourceURL=https://taxense.hu/wp-includes/js/wp-embed.min.js
</script>

Ismerjen meg bennünket, a munkához és ügyfelekhez való hozzáállásunkat! Több részes bemutatkozó blogcikk sorozatunkban elsőként az alapító tulajdonos és cégvezető Talyán Andreával készült interjúban olvashatják milyen értékeket vallunk, milyen számunkra egy ügyfélkapcsolati viszony és miért is kulcsfontosságú egy jó könyvelő megválasztása. Mióta dolgozol a Taxense-nél? Alapító tagként 2009. december 14. óta dolgozom a cégnél. Hány [&hellip;]
